onvert -bc (base 14) to base 12.
-11a
What is 10b97 (base 12) in base 10?
22435
Convert -1476 (base 10) to base 14.
-776
Convert -211 (base 3) to base 14.
-18
Convert -26c8 (base 15) to base 12.
-4968
What is 37561 (base 11) in base 16?
d298
Convert -104142 (base 5) to base 8.
-7130
What is 5047 (base 8) in base 16?
a27
-d17 (base 15) to base 12
-1857
What is 2553 (base 7) in base 14?
4d3
Convert 20d4 (base 15) to base 8.
15445
What is -bb69 (base 15) in base 12?
-1ab83
Convert 1000100010 (base 2) to base 7.
1410
Convert -211334 (base 5) to base 10.
-7094
Convert -8458 (base 10) to base 7.
-33442
1a64 (base 13) to base 4
332001
Convert 2ede (base 16) to base 2.
10111011011110
Convert -131000 (base 4) to base 14.
-968
What is -2b19 (base 15) in base 10?
-9249
Convert 523 (base 6) to base 12.
143
-4330 (base 5) to base 4
-21032
Convert -12102 (base 4) to base 15.
-1bc
Convert 44293 (base 10) to base 3.
2020202111
Convert 2609 (base 13) to base 6.
41025
a5c7 (base 16) to base 4
22113013
Convert -311 (base 7) to base 10.
-155
What is -21000 (base 4) in base 9?
-710
What is -16544 (base 9) in base 3?
-120121111
2695 (base 10) to base 5
41240
What is -5510 (base 8) in base 3?
-10221222
What is 102021120 (base 3) in base 5?
230343
Convert -105b (base 12) to base 14.
-927
Convert -990 (base 12) to base 8.
-2574
3144 (base 7) to base 15
4e0
Convert -9101 (base 10) to base 13.
-41b1
Convert 4542 (base 6) to base 16.
42e
Convert -b0 (base 14) to base 7.
-310
Convert 13354 (base 6) to base 5.
31321
Convert 2dc7 (base 14) to base 7.
32640
What is -1020113 (base 4) in base 13?
-2153
Convert 7937 (base 12) to base 7.
54112
Convert 825 (base 14) to base 12.
b15
Convert 43a (base 14) to base 11.
6a0
What is 16c (base 15) in base 9?
403
Convert -2141 (base 7) to base 4.
-23330
-4b1b (base 14) to base 9
-20038
Convert 26526 (base 7) to base 2.
1101111010101
What is -115444 (base 7) in base 5?
-1134101
Convert -8ab (base 12) to base 8.
-2403
203611 (base 7) to base 12
18281
What is 5125 (base 7) in base 13?
a72
Convert 341053 (base 6) to base 13.
10125
21210102 (base 3) to base 6
42145
129 (base 12) to base 9
216
What is -534304 (base 6) in base 2?
-1010101011100000
Convert 1120021 (base 3) to base 2.
10001110101
5bc (base 13) to base 16
3e8
Convert 1103212 (base 4) to base 13.
2587
What is -bae3 (base 15) in base 4?
-21222210
What is -1b453 (base 13) in base 7?
-311616
Convert 304 (base 7) to base 3.
12121
Convert -340012 (base 5) to base 14.
-448a
What is -22100 (base 3) in base 16?
-e1
What is 7574 (base 8) in base 13?
1a5c
Convert 1232 (base 9) to base 4.
32120
10303 (base 4) to base 13
1a8
-2014330 (base 5) to base 8
-77321
Convert -814 (base 11) to base 14.
-503
Convert -2835 (base 10) to base 5.
-42320
-12220121 (base 3) to base 7
-15364
What is 442 (base 8) in base 2?
100100010
-153334 (base 6) to base 7
-61555
What is -10111102 (base 3) in base 5?
-40144
-15522 (base 6) to base 9
-3465
Convert -300212 (base 5) to base 8.
-22330
Convert -126816 (base 9) to base 14.
-201cc
What is 33311 (base 8) in base 9?
21213
Convert -277 (base 9) to base 12.
-174
What is 2353 (base 9) in base 7?
5046
Convert -143644 (base 7) to base 5.
-1342031
-489 (base 10) to base 16
-1e9
What is 259 (base 11) in base 7?
615
Convert 22312 (base 4) to base 11.
581
What is -ab9 (base 14) in base 16?
-84b
Convert -21113 (base 6) to base 11.
-2164
What is 212 (base 8) in base 14?
9c
What is -12452 (base 8) in base 6?
-41030
-407 (base 16) to base 2
-10000000111
What is -132110 (base 4) in base 14?
-9c8
Convert 883 (base 9) to base 2.
1011010011
Convert 563 (base 9) to base 15.
20c
Convert 146c5 (base 13) to base 16.
967c
1b18 (base 12) to base 5
101312
What is -55220 (base 9) in base 7?
-211536
What is 4525 (base 10) in base 11?
3444
340 (base 10) to base 13
202
Convert -33d (base 16) to base 14.
-433
Convert 2220002 (base 3) to base 16.
83c
What is 8d55 (base 15) in base 7?
153323
-437 (base 8) to base 2
-100011111
Convert -44 (base 10) to base 2.
-101100
Convert -100120000 (base 3) to base 9.
-10500
What is -1225 (base 6) in base 7?
-614
-283 (base 10) to base 3
-101111
Convert -1283a (base 13) to base 8.
-103064
What is 2400 (base 16) in base 11?
6a19
-3254 (base 6) to base 15
-354
Convert -432254 (base 6) to base 11.
-24770
What is 6757 (base 16) in base 2?
110011101010111
-6b (base 16) to base 2
-1101011
Convert -143440 (base 5) to base 7.
-23562
What is 2d5 (base 16) in base 5?
10400
181 (base 10) to base 9
221
-705 (base 12) to base 7
-2645
Convert 32222 (base 4) to base 13.
572
Convert -13130 (base 6) to base 15.
-8d3
-23a2 (base 13) to base 3
-20220102
-66b7 (base 13) to base 2
-11100000001010
What is 21b1 (base 16) in base 9?
12743
ca37 (base 14) to base 10
34937
What is 34067 (base 8) in base 6?
150343
1a5 (base 15) to base 16
17c
-212324 (base 5) to base 15
-220e
What is -15424 (base 8) in base 6?
-52032
Convert 225 (base 6) to base 3.
10022
What is -10cd7 (base 15) in base 12?
-26b87
What is 2726 (base 11) in base 7?
13212
What is -220303 (base 4) in base 13?
-125b
What is 30203 (base 4) in base 13?
49a
11c0 (base 16) to base 6
33012
Convert -1010110101010011 (base 2) to base 3.
-2020212101
10557 (base 9) to base 10
7018
What is -1100010000001 (base 2) in base 9?
-8540
What is -5a4 (base 15) in base 10?
-1279
What is 4701 (base 11) in base 8?
14034
What is -1731 (base 12) in base 8?
-5325
What is -1001100111 (base 2) in base 13?
-384
Convert -1013112 (base 4) to base 8.
-10726
What is 877 (base 11) in base 16?
41c
19389 (base 11) to base 9
41128
What is 1110011101 (base 2) in base 7?
2461
What is -114233 (base 5) in base 11?
-3276
Convert -542 (base 6) to base 5.
-1311
What is -25233 (base 7) in base 4?
-1213233
-101101100010010 (base 2) to base 4
-11230102
What is 96d1 (base 14) in base 13?
bb23
Convert -12023 (base 5) to base 9.
-1186
What is -70ed (base 16) in base 14?
-a76d
What is 9c1 (base 14) in base 15?
88d
What is -b42 (base 16) in base 3?
-10221202
What is 2be (base 15) in base 7?
1556
Convert 1553 (base 6) to base 2.
110101101
6784 (base 16) to base 14
992c
122401 (base 5) to base 9
6431
Convert 634 (base 7) to base 9.
384
Convert 283 (base 16) to base 9.
784
Convert -3 (base 11) to base 15.
-3
Convert 330302 (base 6) to base 16.
6abe
4fe1 (base 16) to base 3
1001001101
What is -550 (base 12) in base 5?
-11110
2895 (base 10) to base 5
43040
What is -2327 (base 8) in base 12?
-873
What is 1a (base 13) in base 10?
23
11511 (base 6) to base 16
6a3
Convert -1104 (base 7) to base 8.
-614
What is -31123 (base 5) in base 2?
-11111110110
What is 30210 (base 6) in base 10?
3966
Convert -173 (base 8) to base 11.
-102
5151 (base 6) to base 14
5bd
Convert 10153 (base 7) to base 11.
1962
Convert ad (base 15) to base 2.
10100011
What is -1b (base 16) in base 15?
-1c
77 (base 10) to base 13
5c
-111011110 (base 2) to base 15
-21d
Convert 2133 (base 6) to base 2.
111101001
Convert -92d (base 15) to base 11.
-1610
-8377 (base 10) to base 12
-4a21
20206 (base 7) to base 13
2305
Convert -11a9 (base 11) to base 4.
-120203
1004351 (base 6) to base 8
135053
What is 1441a (base 11) in base 2?
100111111110110
What is -2122213 (base 4) in base 6?
-113451
Convert -293 (base 12) to base 13.
-249
365 (base 10) to base 14
1c1
What is -14427 (base 13) in base 9?
-57176
What is 450 (base 10) in base 3?
121200
What is 6 (base 7) in base 11?
6
What is -19e3 (base 16) in base 10?
-6627
Convert 153501 (base 6) to base 7.
61660
Convert -5553 (base 6) to base 12.
-8b9
What is 1121123 (base 4) in base 16?
165b
What is 1001001100 (base 2) in base 3?
210210
What is -20222201 (base 3) in base 15?
-179a
What is -26714 (base 8) in base 4?
-2313030
What is 20 (base 8) in base 16?
10
Convert 1103 (base 5) to base 14.
ad
-1371 (base 11) to base 13
-a64
What is -112420 (base 5) in base 14?
-16d8
8485 (base 13) to base 8
43671
Convert -34035 (base 8) to base 7.
-56611
17614 (base 9) to base 2
10111110000011
Convert cd8 (base 15) to base 11.
21aa
Convert 110051 (base 6) to base 16.
238f
Convert 11021 (base 3) to base 6.
311
Convert -387 (base 9) to base 14.
-190
-6b15 (base 13) to base 8
-35323
1818 (base 12) to base 4
231110
-344430 (base 6) to base 14
-aa9c
Convert -349a (base 13) to base 7.
-30362
Conver